st the prime factors of 1088431.
1088431
List the prime factors of 920113.
19, 79, 613
What are the prime factors of 26800950?
2, 3, 5, 11, 37, 439
What are the prime factors of 122583?
3, 29, 1409
What are the prime factors of 331158?
2, 3, 97, 569
What are the prime factors of 135910?
2, 5, 13591
List the prime factors of 9933217.
7, 23, 103, 599
What are the prime factors of 30364887?
3, 7, 41, 35267
List the prime factors of 636740.
2, 5, 13, 31, 79
What are the prime factors of 251555?
5, 50311
List the prime factors of 1668734.
2, 834367
List the prime factors of 282360.
2, 3, 5, 13, 181
What are the prime factors of 214031?
214031
List the prime factors of 28938792.
2, 3, 59, 107, 191
List the prime factors of 1421124.
2, 3, 19, 23, 271
What are the prime factors of 6062874?
2, 3, 211, 4789
What are the prime factors of 429142?
2, 7, 29, 151
What are the prime factors of 13496094?
2, 3, 73, 10271
List the prime factors of 10637833.
37, 107, 2687
What are the prime factors of 1070418?
2, 3, 178403
What are the prime factors of 37095?
3, 5, 2473
List the prime factors of 216071.
216071
What are the prime factors of 8737489?
8737489
What are the prime factors of 423256?
2, 191, 277
List the prime factors of 707886.
2, 3, 13109
What are the prime factors of 1358790?
2, 3, 5, 45293
List the prime factors of 21563972.
2, 23, 31, 7561
What are the prime factors of 5087079?
3, 19, 71, 419
List the prime factors of 231649.
11, 21059
What are the prime factors of 4818907?
4818907
List the prime factors of 6477424.
2, 571, 709
List the prime factors of 4329520.
2, 5, 13, 23, 181
List the prime factors of 43446.
2, 3, 13, 557
List the prime factors of 224380.
2, 5, 13, 863
What are the prime factors of 16431633?
3, 43, 14153
List the prime factors of 296302.
2, 148151
List the prime factors of 1189265.
5, 7, 11, 3089
What are the prime factors of 7759077?
3, 2586359
List the prime factors of 400097.
53, 7549
What are the prime factors of 287920?
2, 5, 59, 61
List the prime factors of 34156377.
3, 1265051
What are the prime factors of 312123?
3, 7, 89, 167
What are the prime factors of 61876?
2, 31, 499
List the prime factors of 785867.
719, 1093
List the prime factors of 18842382.
2, 3, 13, 23, 389
List the prime factors of 7299244.
2, 59, 157, 197
What are the prime factors of 94184?
2, 61, 193
What are the prime factors of 7310166?
2, 3, 761, 1601
What are the prime factors of 1179905?
5, 367, 643
List the prime factors of 30022709.
30022709
What are the prime factors of 29050644?
2, 3, 7, 71, 4871
What are the prime factors of 107653?
7, 13
What are the prime factors of 2278780?
2, 5, 7, 41, 397
What are the prime factors of 4457?
4457
List the prime factors of 503164.
2, 125791
List the prime factors of 3452021.
1279, 2699
List the prime factors of 4256930.
2, 5, 149, 2857
What are the prime factors of 11726047?
11726047
What are the prime factors of 14331319?
14331319
List the prime factors of 31532883.
3, 173, 60757
List the prime factors of 549558.
2, 3, 10177
What are the prime factors of 1219800?
2, 3, 5, 19, 107
What are the prime factors of 1067645?
5, 67, 3187
What are the prime factors of 12030576?
2, 3, 53, 4729
List the prime factors of 208821.
3, 47, 1481
List the prime factors of 1844063.
13, 141851
What are the prime factors of 1443680?
2, 5, 7, 1289
List the prime factors of 192702.
2, 3, 32117
What are the prime factors of 188256?
2, 3, 37, 53
What are the prime factors of 11835920?
2, 5, 147949
What are the prime factors of 1170378?
2, 3, 11, 23, 257
What are the prime factors of 24927971?
83, 233, 1289
List the prime factors of 5389494.
2, 3, 11, 37, 2207
List the prime factors of 4946.
2, 2473
What are the prime factors of 110133?
3, 4079
What are the prime factors of 60880?
2, 5, 761
What are the prime factors of 1948277?
137, 14221
List the prime factors of 1262249.
653, 1933
List the prime factors of 3601408.
2, 3517
List the prime factors of 5261339.
149, 35311
What are the prime factors of 2920856?
2, 365107
List the prime factors of 1121223.
3, 97, 3853
List the prime factors of 2008984.
2, 19, 13217
What are the prime factors of 13825861?
7, 1975123
List the prime factors of 187582.
2, 71, 1321
What are the prime factors of 9958814?
2, 1289, 3863
List the prime factors of 87330.
2, 3, 5, 41, 71
What are the prime factors of 114156?
2, 3, 7, 151
List the prime factors of 12452812.
2, 277, 11239
What are the prime factors of 191355?
3, 5, 12757
What are the prime factors of 28199422?
2, 107, 313, 421
List the prime factors of 11878876.
2, 19, 149, 1049
List the prime factors of 5221177.
13, 401629
List the prime factors of 2938.
2, 13, 113
What are the prime factors of 6272508?
2, 3, 11, 19, 41, 61
List the prime factors of 4202189.
193, 21773
List the prime factors of 882444.
2, 3, 151, 487
List the prime factors of 4408912.
2, 19, 14503
What are the prime factors of 3596244?
2, 3, 19, 15773
What are the prime factors of 140940?
2, 3, 5, 29
List the prime factors of 43116.
2, 3, 3593
List the prime factors of 12032800.
2, 5, 13, 89
What are the prime factors of 18687988?
2, 11, 424727
List the prime factors of 8033661.
3, 99181
List the prime factors of 7637798.
2, 7, 317, 1721
What are the prime factors of 258168?
2, 3, 31, 347
What are the prime factors of 100024?
2, 12503
What are the prime factors of 441795?
3, 5, 29453
What are the prime factors of 11818313?
13, 101, 9001
What are the prime factors of 2509630?
2, 5, 250963
List the prime factors of 1086814.
2, 543407
What are the prime factors of 730844?
2, 182711
List the prime factors of 5776278.
2, 3, 29, 89, 373
List the prime factors of 909365.
5, 181873
What are the prime factors of 668539?
668539
List the prime factors of 2607642.
2, 3, 317, 457
What are the prime factors of 127050?
2, 3, 5, 7, 11
What are the prime factors of 19695775?
5, 11, 17, 383
What are the prime factors of 14292?
2, 3, 397
List the prime factors of 97441.
97441
What are the prime factors of 337884?
2, 3, 37, 761
What are the prime factors of 1574940?
2, 3, 5, 26249
What are the prime factors of 36017833?
36017833
What are the prime factors of 3553464?
2, 3, 148061
What are the prime factors of 8644244?
2, 7, 308723
What are the prime factors of 81676?
2, 7, 2917
List the prime factors of 3842491.
199, 19309
What are the prime factors of 2400742?
2, 1200371
List the prime factors of 9053303.
7, 1293329
List the prime factors of 32925927.
3, 10975309
What are the prime factors of 2725477?
23, 71, 1669
List the prime factors of 23687317.
31, 647, 1181
List the prime factors of 212306.
2, 19, 37, 151
What are the prime factors of 116646?
2, 3, 19441
List the prime factors of 261007.
211, 1237
List the prime factors of 88410.
2, 3, 5, 7, 421
List the prime factors of 26253342.
2, 3, 31, 15683
What are the prime factors of 243018?
2, 3, 23, 587
What are the prime factors of 2910164?
2, 727541
List the prime factors of 418304.
2, 19, 43
What are the prime factors of 4171163?
89, 46867
What are the prime factors of 14922741?
3, 757, 6571
List the prime factors of 1934178.
2, 3, 347, 929
What are the prime factors of 2775409?
7, 13, 4357
List the prime factors of 11161032.
2, 3, 673, 691
What are the prime factors of 402172?
2, 29, 3467
What are the prime factors of 108902?
2, 17, 3203
What are the prime factors of 14544929?
7, 127, 16361
List the prime factors of 3021295.
5, 604259
List the prime factors of 8470368.
2, 3, 29411
List the prime factors of 469525.
5, 7, 2683
What are the prime factors of 41903?
41903
List the prime factors of 12552046.
2, 13, 19, 25409
List the prime factors of 4765425.
3, 5, 7, 29, 313
List the prime factors of 1639133.
107, 15319
List the prime factors of 72052.
2, 18013
List the prime factors of 331870.
2, 5, 7, 11, 431
List the prime factors of 513943.
513943
What are the prime factors of 5538845?
5, 13, 85213
List the prime factors of 47755.
5, 9551
List the prime factors of 281244.
2, 3, 23, 1019
List the prime factors of 1661521.
1289
What are the prime factors of 3098932?
2, 774733
What are the prime factors of 1189035?
3, 5, 26423
List the prime factors of 595349.
47, 53, 239
List the prime factors of 7168457.
2029, 3533
What are the prime factors